83
List the prime factors of 22474185.
3, 5, 1498279
List the prime factors of 3449667.
3, 13, 197, 449
List the prime factors of 411060.
2, 3, 5, 13, 17, 31
List the prime factors of 1857554.
2, 19, 48883
List the prime factors of 281240.
2, 5, 79, 89
What are the prime factors of 89482?
2, 44741
List the prime factors of 359971.
83, 4337
What are the prime factors of 188283?
3, 62761
What are the prime factors of 1650439?
7, 137, 1721
List the prime factors of 1385941.
619, 2239
What are the prime factors of 524381?
11, 13, 19, 193
List the prime factors of 5868189.
3, 157, 4153
What are the prime factors of 517859?
109, 4751
What are the prime factors of 6557647?
31, 199, 1063
What are the prime factors of 32853?
3, 47, 233
What are the prime factors of 19721662?
2, 9860831
List the prime factors of 1247273.
17, 73369
What are the prime factors of 9564979?
9564979
What are the prime factors of 161987?
7, 73, 317
List the prime factors of 244915.
5, 11, 61, 73
List the prime factors of 189972.
2, 3, 1759
List the prime factors of 828150.
2, 3, 5, 5521
List the prime factors of 6155983.
6155983
List the prime factors of 5399492.
2, 7, 79, 2441
What are the prime factors of 115346?
2, 7, 11, 107
List the prime factors of 2682114.
2, 3, 447019
List the prime factors of 315699.
3, 47, 2239
List the prime factors of 4075212.
2, 3, 339601
List the prime factors of 23918087.
23918087
List the prime factors of 34489.
7, 13, 379
List the prime factors of 877854.
2, 3, 146309
List the prime factors of 132279.
3, 7, 6299
List the prime factors of 186901.
11, 13, 1307
List the prime factors of 700946.
2, 73, 4801
List the prime factors of 2570421.
3, 7, 122401
What are the prime factors of 9830391?
3, 19, 29, 313
What are the prime factors of 5428438?
2, 1559, 1741
What are the prime factors of 12157266?
2, 3, 11, 167, 1103
List the prime factors of 152930.
2, 5, 41, 373
List the prime factors of 134173.
13, 10321
What are the prime factors of 164351?
11, 67, 223
List the prime factors of 7814029.
97, 80557
What are the prime factors of 21143?
21143
List the prime factors of 549439.
11, 199, 251
List the prime factors of 154415.
5, 89, 347
List the prime factors of 3253460.
2, 5, 7, 17, 1367
List the prime factors of 7459530.
2, 3, 5, 13, 31, 617
What are the prime factors of 2206273?
37, 59629
List the prime factors of 325596.
2, 3, 43, 631
What are the prime factors of 5217260?
2, 5, 260863
What are the prime factors of 776146?
2, 7, 55439
List the prime factors of 7772907.
3, 47, 55127
List the prime factors of 1045148.
2, 13, 101, 199
What are the prime factors of 24791323?
24791323
List the prime factors of 408476.
2, 17, 6007
List the prime factors of 238992.
2, 3, 13, 383
What are the prime factors of 2656252?
2, 47, 71, 199
What are the prime factors of 30973302?
2, 3, 1031, 1669
What are the prime factors of 714945?
3, 5, 7, 11, 619
List the prime factors of 2708030.
2, 5, 13, 37, 563
List the prime factors of 1315574.
2, 13, 50599
What are the prime factors of 1489564?
2, 307, 1213
List the prime factors of 129401.
129401
List the prime factors of 6878194.
2, 43, 79979
List the prime factors of 5922087.
3, 1974029
List the prime factors of 1021258.
2, 7, 17, 613
What are the prime factors of 3874880?
2, 5, 12109
What are the prime factors of 12842205?
3, 5, 856147
What are the prime factors of 4396136?
2, 549517
List the prime factors of 1213217.
59, 20563
What are the prime factors of 4264228?
2, 571, 1867
List the prime factors of 138001.
59, 2339
List the prime factors of 289378.
2, 41, 3529
What are the prime factors of 372138?
2, 3, 13, 367
List the prime factors of 123299.
11, 1019
What are the prime factors of 8712440?
2, 5, 11, 19801
What are the prime factors of 4282814?
2, 2141407
What are the prime factors of 224935?
5, 44987
List the prime factors of 495020.
2, 5, 53, 467
What are the prime factors of 105467?
105467
List the prime factors of 1984134.
2, 3, 330689
List the prime factors of 7361751.
3, 47, 109, 479
List the prime factors of 3640457.
19, 29, 6607
List the prime factors of 2099887.
2099887
What are the prime factors of 1320921?
3, 7, 29, 241
What are the prime factors of 1533639?
3, 511213
List the prime factors of 874185.
3, 5, 13, 4483
List the prime factors of 1339014.
2, 3, 23, 31, 313
List the prime factors of 1041853.
1041853
What are the prime factors of 502657?
29, 17333
What are the prime factors of 73169?
19, 3851
List the prime factors of 232288.
2, 7, 17, 61
What are the prime factors of 326696?
2, 97, 421
What are the prime factors of 467256?
2, 3, 19469
List the prime factors of 16014334.
2, 7, 71, 16111
List the prime factors of 299816.
2, 11, 3407
What are the prime factors of 1341692?
2, 11, 30493
List the prime factors of 15855.
3, 5, 7, 151
List the prime factors of 10062561.
3, 3354187
What are the prime factors of 557283?
3, 431
What are the prime factors of 263984?
2, 7, 2357
List the prime factors of 4590940.
2, 5, 229547
What are the prime factors of 25419567?
3, 8473189
List the prime factors of 956542.
2, 478271
What are the prime factors of 67297?
173, 389
List the prime factors of 2755657.
47, 58631
What are the prime factors of 3908105?
5, 113, 6917
List the prime factors of 8153717.
11, 13, 19, 3001
List the prime factors of 281491.
7, 40213
What are the prime factors of 1917195?
3, 5, 7, 19, 31
What are the prime factors of 293013?
3, 7, 4651
What are the prime factors of 522247?
11, 197, 241
List the prime factors of 3596172.
2, 3, 299681
List the prime factors of 6432914.
2, 3216457
What are the prime factors of 999595?
5, 31, 6449
List the prime factors of 2829268.
2, 13, 54409
What are the prime factors of 501640?
2, 5, 12541
List the prime factors of 2213897.
7, 316271
List the prime factors of 2255294.
2, 137, 8231
List the prime factors of 452882.
2, 127, 1783
List the prime factors of 361094.
2, 180547
List the prime factors of 6450491.
6450491
List the prime factors of 35675145.
3, 5, 11, 97, 743
List the prime factors of 4008987.
3, 37, 4013
What are the prime factors of 3922380?
2, 3, 5, 7, 11, 283
List the prime factors of 1016418.
2, 3, 13, 83, 157
List the prime factors of 4425325.
5, 177013
List the prime factors of 1395829.
1395829
List the prime factors of 1356478.
2, 43, 15773
What are the prime factors of 1541273?
1541273
What are the prime factors of 470819?
470819
What are the prime factors of 260746?
2, 17, 7669
List the prime factors of 22752998.
2, 307, 37057
List the prime factors of 41105.
5, 8221
What are the prime factors of 8729850?
2, 3, 5, 58199
List the prime factors of 2066428.
2, 7, 13, 811
List the prime factors of 36714.
2, 3, 29, 211
What are the prime factors of 717327?
3, 13, 6131
What are the prime factors of 931172?
2, 11, 21163
What are the prime factors of 337716?
2, 3, 53, 59
List the prime factors of 255513.
3, 53, 1607
What are the prime factors of 4859209?
4859209
What are the prime factors of 5359555?
5, 1071911
What are the prime factors of 151151?
7, 11, 13, 151
List the prime factors of 12436183.
12436183
What are the prime factors of 5561618?
2, 17, 37, 4421
What are the prime factors of 292216?
2, 36527
List the prime factors of 1910613.
3, 17, 37463
List the prime factors of 3388920.
2, 3, 5, 31, 911
What are the prime factors of 180990?
2, 3, 5, 2011
What are the prime factors of 625528?
2, 78191
List the prime factors of 13856287.
29, 31, 15413
List the prime factors of 23990570.
2, 5, 17, 141121
What are the prime factors of 645359?
11, 13, 4513
List the prime factors of 89387.
89387
What are the prime factors of 33782?
2, 7, 19, 127
What are the prime factors of 1445914?
2, 103, 7019
List the prime factors of 82550.
2, 5, 13, 127
List the prime factors of 7953203.
107, 239, 311
List the prime factors of 214404.
2, 3, 17, 1051
List the prime factors of 2512091.
653, 3847
What are the prime factors of 164586?
2, 3, 27431
What are the prime factors of 22322885?
5, 13, 47, 7307
What are the prime factors of 13239654?
2, 3, 71, 31079
What are the prime factors of 218529?
3, 24281
What are the prime factors of 361556?
2, 13, 17, 409
List the prime factors of 1041715.
5, 53, 3931
What are the prime factors of 4354784?
2, 7, 19441
Lis